or of 84 and 94108.
28
What is the highest common divisor of 41164 and 17753?
41
What is the greatest common divisor of 161 and 28378?
7
Calculate the greatest common divisor of 826 and 2954.
14
Calculate the greatest common factor of 1359 and 11023.
151
Calculate the greatest common divisor of 3941469 and 63.
63
What is the highest common factor of 79260 and 615?
15
What is the greatest common factor of 183904 and 140?
28
Calculate the highest common divisor of 11101 and 391.
17
Calculate the highest common factor of 204 and 12223.
17
What is the greatest common factor of 2296 and 151823?
287
What is the greatest common factor of 3078 and 1782?
162
Calculate the highest common factor of 4 and 20462.
2
Calculate the highest common divisor of 449 and 1847635.
449
What is the greatest common divisor of 15 and 10710?
15
Calculate the highest common divisor of 2256147 and 27.
27
What is the greatest common divisor of 10776 and 6072?
24
What is the greatest common divisor of 28804 and 532?
76
What is the greatest common divisor of 286 and 14599?
13
Calculate the greatest common factor of 1632 and 7404.
12
What is the greatest common divisor of 123361 and 14?
7
Calculate the highest common divisor of 12464 and 6704.
16
Calculate the greatest common factor of 7584 and 7968.
96
Calculate the highest common divisor of 3 and 501.
3
Calculate the greatest common divisor of 336 and 2928.
48
What is the highest common divisor of 795 and 646706?
53
What is the greatest common factor of 654 and 1176?
6
Calculate the highest common divisor of 51210 and 450.
90
Calculate the highest common factor of 351252 and 2178.
198
What is the highest common divisor of 602 and 44849?
301
Calculate the highest common factor of 30 and 22530.
30
What is the greatest common divisor of 44420 and 160?
20
Calculate the highest common divisor of 25212 and 7678.
22
What is the greatest common divisor of 250125 and 15950?
725
Calculate the greatest common divisor of 1645 and 3885.
35
What is the highest common factor of 30 and 296580?
30
What is the highest common factor of 43696 and 304?
16
What is the greatest common factor of 95 and 94145?
95
What is the highest common divisor of 507 and 264823?
169
Calculate the highest common factor of 11808 and 5472.
288
Calculate the highest common factor of 6463 and 161.
23
Calculate the highest common divisor of 4154 and 3886.
134
What is the greatest common factor of 846 and 12643?
47
What is the greatest common divisor of 559 and 3483?
43
What is the highest common divisor of 35 and 2025?
5
What is the highest common divisor of 91166 and 1185?
79
What is the highest common factor of 42768 and 7524?
396
Calculate the highest common divisor of 39 and 1104831.
39
Calculate the highest common divisor of 831 and 2442309.
831
What is the greatest common factor of 552 and 8072?
8
What is the greatest common factor of 18504 and 144?
72
Calculate the greatest common factor of 16 and 597.
1
Calculate the highest common factor of 2145737 and 1067.
1067
Calculate the highest common factor of 10192 and 1696.
16
Calculate the greatest common factor of 65886 and 7506.
834
What is the greatest common factor of 45 and 65885?
5
Calculate the greatest common divisor of 384 and 1336.
8
Calculate the greatest common factor of 63468 and 1849.
43
Calculate the highest common factor of 126 and 136692.
18
Calculate the highest common divisor of 2020408 and 104.
104
What is the greatest common divisor of 40 and 2103160?
40
Calculate the highest common factor of 351 and 7527.
39
What is the greatest common divisor of 93 and 119319?
93
What is the highest common factor of 7287 and 11025?
21
What is the greatest common factor of 856 and 545700?
428
What is the highest common divisor of 1043550 and 10?
10
Calculate the highest common divisor of 68 and 1024.
4
Calculate the greatest common divisor of 14 and 4806.
2
What is the greatest common divisor of 4 and 4878?
2
Calculate the highest common factor of 242130 and 35.
35
Calculate the highest common factor of 6000 and 44280.
120
What is the highest common divisor of 50 and 36180?
10
Calculate the highest common divisor of 408 and 49884.
12
Calculate the highest common factor of 15 and 65973.
3
What is the highest common factor of 4617 and 1216?
19
What is the highest common divisor of 28 and 13205738?
14
What is the highest common factor of 1651 and 17966?
13
Calculate the highest common factor of 1040 and 715.
65
Calculate the highest common divisor of 9405 and 1036640.
1045
What is the highest common factor of 696 and 276776?
232
Calculate the highest common factor of 1199 and 1617.
11
Calculate the greatest common divisor of 240 and 43970.
10
What is the greatest common divisor of 161311 and 194?
97
What is the greatest common divisor of 5325 and 31125?
75
What is the greatest common divisor of 76250 and 2196?
122
What is the highest common divisor of 68835 and 1365?
195
Calculate the greatest common factor of 441 and 3162999.
147
Calculate the greatest common factor of 1584 and 504.
72
Calculate the greatest common divisor of 1480 and 5342060.
740
What is the highest common divisor of 2533420 and 1929?
643
Calculate the highest common divisor of 7629 and 591.
3
Calculate the greatest common divisor of 3130 and 22.
2
Calculate the highest common divisor of 7398 and 35894.
274
What is the greatest common factor of 21372 and 1370?
274
Calculate the greatest common divisor of 410590 and 19.
19
Calculate the highest common factor of 76608 and 6783.
399
What is the highest common factor of 37 and 587?
1
What is the highest common divisor of 56 and 706636?
28
Calculate the highest common divisor of 6757 and 2563.
233
Calculate the highest common divisor of 1038 and 1194.
6
What is the highest common divisor of 394 and 46689?
197
What is the greatest common divisor of 10 and 11070?
10
What is the greatest common divisor of 21176 and 152?
8
Calculate the highest common factor of 39 and 2313.
3
What is the highest common factor of 9315 and 19320?
345
Calculate the greatest common divisor of 2673 and 132.
33
What is the greatest common divisor of 2667 and 85979?
127
What is the highest common factor of 350 and 350?
350
Calculate the greatest common divisor of 2510 and 590.
10
What is the highest common divisor of 182 and 486278?
26
What is the greatest common divisor of 405 and 1152?
9
What is the greatest common factor of 495255 and 3288?
411
What is the greatest common divisor of 1957895 and 10?
5
Calculate the highest common factor of 1846 and 143.
13
Calculate the highest common factor of 308452 and 59.
59
What is the highest common divisor of 99 and 15039?
9
What is the highest common divisor of 32 and 181264?
16
Calculate the greatest common factor of 3960 and 1111704.
264
Calculate the highest common factor of 428896 and 416.
416
What is the greatest common factor of 1012 and 3772?
92
What is the highest common divisor of 70 and 15085?
35
What is the greatest common divisor of 1384 and 1400?
8
Calculate the highest common divisor of 4 and 1929484.
4
Calculate the greatest common divisor of 6 and 78021.
3
What is the greatest common factor of 1660 and 2537476?
332
Calculate the greatest common factor of 15 and 397845.
15
Calculate the highest common factor of 1096 and 1016.
8
Calculate the greatest common factor of 786100 and 800.
100
What is the greatest common divisor of 996780 and 1628?
148
Calculate the greatest common divisor of 406 and 264586.
14
Calculate the greatest common factor of 1224 and 53334.
18
Calculate the greatest common divisor of 210 and 480.
30
What is the highest common factor of 282 and 98606?
94
What is the highest common divisor of 136 and 21573?
17
Calculate the greatest common factor of 38 and 7790.
38
Calculate the greatest common divisor of 115 and 7452.
23
What is the highest common divisor of 191510 and 440?
110
Calculate the highest common divisor of 20339 and 172.
43
Calculate the highest common factor of 8440404 and 623.
623
What is the highest common divisor of 220 and 55836?
44
What is the greatest common divisor of 44 and 63316?
44
Calculate the highest common divisor of 8018 and 38.
38
What is the highest common factor of 170171 and 12128?
379
What is the greatest common fa